lue of (200 - 152) + (21 - (4 - 6))?
71
Calculate -96 - (8 + 0 - (51 + -24 - 0)).
-77
9 - ((10 - (30 + -20)) + 20)
-11
What is 10 + -31 + -7 + -21 - (3 + (0 - 11))?
-41
-77 + 84 - (30 + (-8 - -7))
-22
What is (5 - 23) + (-80 - -57) - (-1 - -7)?
-47
Evaluate (9 - (-27 + -30)) + -21.
45
Evaluate -12 + -4 + 7 - (33 + -16).
-26
-9 + 2 + 0 + (41 - (41 - 90))
83
-20 + 27 - ((1 - -1 - (2 + 3)) + -49)
59
What is the value of 6 - 4 - (62 - (-14 + 9 + -8 + 19))?
-54
Calculate 0 + -6 + (1488 + -1443 - (-4 + 3 - 3)).
43
(-5 - 3) + (47 - 61) + (-2 - -17) + -55
-62
Calculate (-146 - -100) + (-3 - -53).
4
What is the value of 28 - 43 - (-23 - 0) - -57?
65
-35 - ((4 - -12) + (7 - (23 + 13 + -18)))
-40
Evaluate -79 + (-82 - (-297 - -103)).
33
Evaluate (-2 - 17) + (-382 - -360).
-41
What is -2013 + 2036 + (2 - -22)?
47
Evaluate -41 + -10 + 89 + 58.
96
Evaluate 22 + 2 + (93 - 68) - 32.
17
What is 5 + -77 - (88 + -137)?
-23
What is (25 + -54 - 29) + 23?
-35
18 + (-57 - -79) - -15
55
Calculate -11 - (22 - (8 - 2)) - -8.
-19
-5 + 18 + 79 + -97
-5
Calculate 13 + (-44 - -16) - (-64 + 3 - 2).
48
Evaluate 3 + (-72 + 85 - (7 - 0)) + -17 - 69.
-77
(-324 - -290) + (1 - -1) - -67
35
What is the value of (-21 - 0 - (-7 - ((-3 - -2) + -13))) + -2?
-30
What is 5 - 1 - 1 - (-119 + 49 + 53)?
20
Evaluate 6 + (2 - -24) + -22.
10
What is (-19 - (-23 + -10)) + 62 - 18?
58
Evaluate -61 + 68 + (-4 + (5 - -2) - 11).
-1
What is 67 - (-13 + 204 - 4)?
-120
Evaluate -4 + (-3 + -38 + 1 - (32 - 57 - -21)).
-40
What is the value of -6 + 36 + (-23 - 2) + -1?
4
Calculate 62 - (39 - (-46 + 40)).
17
What is the value of -4 + 11 - (16 - (84 + -62))?
13
Evaluate (10 - -105 - 52) + -36.
27
What is 6 + (-14 - (-90 + 24))?
58
(-1 - 0) + 14 + -1 + (-48 - (66 - 99))
-3
What is the value of -1 + 10 + (9 - (-7 + 14)) - (-7 - -1)?
17
What is the value of 36 + (5 - 2) + (40 - 14 - 6)?
59
Evaluate -21 - (21 - (-5 - -12) - (12 + -13)).
-36
Evaluate 3 + (-52 - -59) + -3 + -2.
5
Calculate (-2058 - -2025) + 159 + -3.
123
What is 26 + -198 - -219 - (-1 + -19)?
67
What is 56 + (-14 - -1) + -29 + 37?
51
Evaluate (-10 - 22) + 38 - -4.
10
77 - (83 + 94 + -190)
90
(118 - -25) + (6 - -17 - 35 - -10)
141
What is the value of -25 - -49 - (-102 + 113)?
13
Calculate (17 - 154) + 163 - (1 + 23).
2
-29 + (-59 - -123) + 51
86
75 + -60 + -1489 + 1334 + 0 + -1 + 5
-136
What is the value of -21 + 34 - 29 - 8?
-24
62 - (-3 + -5 + -7 + (19 - (8 + 5)))
71
What is the value of -12 - -42 - -124 - 83?
71
What is 98 + -35 + -12 + -20?
31
What is the value of (13 + (13 - 8) - (-26 - 37)) + -9?
72
What is the value of -4 - (-18 - ((-57 - -42) + -4 + -66))?
-71
(12 + -5 - 62) + -6 + (-59 - -73)
-47
(18 - 22 - 9) + -37 - (1 - (-1 - -1))
-51
What is the value of 25 - 1 - (-462 - -405) - (-6 + 3)?
84
What is -16 + 44 + -15 + -6 + (2 - 4) + -23?
-18
What is the value of -45 + 9 + 101 - 73?
-8
Calculate (-69 - (-76 + 54)) + 8.
-39
Calculate 16 + 4 + 1 + (-106 - -64) - 124.
-145
What is 3 + -5 + (-6 - 0) + 0 + (-18322 - -18316)?
-14
Calculate 36 + -1 + 7 + -21 + (0 - 0).
21
What is the value of 141 + -154 + 83 - 23?
47
Evaluate (23 - 2) + (34 - 47) - 2 - 1.
5
Evaluate 47 + -45 + -20 + 42.
24
What is the value of -129 + 140 + -9 + 4 + -1 + -2 + 114?
117
What is the value of -5 + (1 - -4) + (-2 + -11 - (-59 - 4))?
50
Evaluate -33 + (-24 - 2) + 17 + -9.
-51
What is the value of (68 + -6 - 44) + -5 + -1 + 87?
99
What is the value of (-111 - -131 - (10 + 0)) + 44?
54
Calculate (0 - -1) + 15 + -13 + 6 - (-275 + 259).
25
What is -76 + (-3 - -3) + (63 - 48) + -16?
-77
Calculate -2 + -2 + -44 - (-18 + 38 + (-22 - 0)).
-46
What is the value of -2 + 2 + 10 + (79 - (-17 - -94))?
12
What is the value of 66 + (-9 - 2) + 4 + (6 - 1 - 8)?
56
What is the value of 13997 - 13976 - (1 - (-22 - 0))?
-2
Calculate (-1 + 2 - 1) + -71 + 60 + (44 - 2).
31
Evaluate -22 - (27 + -23 - -7).
-33
What is the value of -2 - ((-19 - 39) + 36 - (-12 + -1))?
7
9 - ((1 - -23 - (-4 - -25 - 28)) + 6)
-28
Calculate 27 + (9 - (30 - 49)) + -2.
53
What is (0 - 13) + (-11 - (-26 + -4 + 16))?
-10
-12 + (-6 - -9) - (751 + -835)
75
6 + 9 + -6 + -2 - 16 - (10 + -1)
-18
What is (76 - 160) + 50 - (2 - 99)?
63
14 - (21 + (50 + -16 - -51))
-92
Calculate 1 + (31 - 2) - (61 + (-76 - -28)).
17
Calculate 38 + (-61 + 31 - 17) - (16 - 2 - 0).
-23
What is 74 + 3 + -47 + (-1 + -18 - -2)?
13
What is -1 + (8 - 0 - (1217 + -1233))?
23
What is 57 - (22 + 32) - -33?
36
What is (14 - (-66 - -15)) + -24?
41
What is the value of -49 - (-8 - (2 - (-19 - -7) - 34))?
-61
Calculate 711 + -771 - (-6 + -40).
-14
Evaluate -133 + (4 - 10 - -39) + 2 + 2.
-96
What is 45 + ((11 - -10) + -13 - 9 - 2)?
42
Calculate -94 + 6 + (-28 - (-21 - -16)) - -8.
-103
What is -45 - (-9 - 2) - (2 + -11)?
-25
Evaluate 1611 + -1647 + 0 + 31.
-5
-6 - (12 + (2 + -1 - 74 - -7))
48
Calculate 13 + 19 + 21 + -46 + -22 + -2 + 0.
-17
What is the value of 0 - (1 + 42 - (17 - (-22 - -22) - 19))?
-45
What is (-31 - -54) + -16 + -36 - 20?
-49
Calculate 72 + -36 - (-16 + 88).
-36
What is (-128 - (-15 - (-6 + -2))) + -184 + 169?
-136
Calculate (28 - 10 - 107) + (6 - -8 - 7).
-82
What is 37 - (69 + -21) - (-4 - -1) - (-3 - 12)?
7
What is the value of (12 + -2 - (-39 + 64 + -29)) + 43?
57
Calculate (-2 - -3 - -16) + 1 + 6 + -19.
5
Evaluate -2 + 7 + -4 + -12 - (3 + 11 + 0).
-25
Evaluate 100 + (2 - (87 + -67)).
82
Calculate 5 - -21 - (-39 + (-13 - -30)).
48
What is (-3 - -5) + -2 + (-111 - -121) - (-43 + 0)?
53
(0 + -11 + 13 - 10 - (9 - 6)) + 9
-2
What is the value of 7 + -63 + 18 + -5?
-43
Evaluate -17 - (66 - (273 - 64)).
126
What is (-1 - (29 + (-62 - -34))) + (-1 - (-49 + -2))?
48
Calculate 1 - (10 - 15 - -5) - (2 + 2).
-3
-15 + -101 + -50 + 21 + 61
-84
Calculate (-6 - 0 - (-4 - -9)) + 16 - 2.
3
6 - 0 - (-4 + (8 - -5) + -15) - -6
18
Evaluate (-2 - -41) + 11 + (-4 + 9 - (9 - 1)).
47
29 + (-1 - -2) - (-149 + 221)
-42
What is (-26 - (15 + -26 - -2)) + -21?
-38
Evaluate -8 + (-12 - -22 - -13) + -88 + -1.
-74
Calculate -20 - ((-6 - (0 - 3)) + -29).
12
(-74 - -163) + 178 + -148
119
10 - (4 + -7 + 7) - 5 - (4 + 28)
-31
What is -4 - (12 - 5 - 11 - -37)?
-37
What is -127 - -141 - (-1 - -78) - (-7 - -8 - 12)?
-52
7 + (-1 - 8) + 39 + -42 + 12 - -11
18
-81 + (203 + -117 - 126)
-121
What is the value of -13 + 15 + -4 + 4 + -10?
-8
What is the value of (-31 - -50) + -39 + -1 - 25?
-46
Calculate -29 + 38 + -22 + (6 + -5 - -60).
48
What is -72 + (-1 + 69 - -71)?
67
What is the value of (-2 + -2 - (8 + 19)) + 28?
-3
What is (-28 - 26) + 38 - 2 - -37?
19
Evaluate 0 + 52 + (29 - (-8 - (-21 + -16))).
52
What is the value of 280 - 294 - (3 - 2)?
-15
Evaluate -23 + 55 + (-32 - 0).
0
Calculate 42 + -16 - 15 - (13 + 4 + -8).
2
What is the value of -11 - -1 - 1 - (4 - (8 + -5) - -46)?
-58
What is -608 - -630 - (2 + -6 - 34)?
60
Evaluate -2 + -6 + (-17 - -5 - -26) - 54.
-48
What is -57 - (-11 - (-145 + 101))?
-90
Evaluate (0 - 14) + 15 - ((0 - -17) + -2 + -7).
-7
-205 - (0 - 73 - 40)
-92
Calculate -5 + (-5 - 10 - -12) + 63 - (5 - 4).
54
(5 + 1 - 2) + (7 - 44 - (-8 - 6))
-19
3 + 31 - -4 - (385 + -238)
-109
What is -33 - ((-18 - -30) + -21) - 19?
-43
40 + (-22 - -10) + -21 + (10 - -4)
21
Evaluate 39 - (-124 + 317 + -109).
-45
Evaluate 23 - (10 - 6) - ((132 - 29) + -19).
-65
3573 + -3576 + (40 - (-4 + 3))
38
Evaluate -49 - ((26 - 3) + -75).
3
What is the value of 1 - 9 - (82 + -129 - (-15 - 6))?
18
Evaluate (-29 - -5 - (-5 + 13)) + (-9 - -2).
-39
Calculate 73 + (73 - 142) + -35.
-31
Calculate -22 + -16 - -41 - -16 - 76.
-57
Evaluate -4 + 28 - (-8 - (-33 + 6 - -10)).
15
-12 - (45 - 24 - 75)
42
(2 - 23) + (-108 - -210) - 8
73
What is 31 + -21 + 13 - (-117 + 7 + 8)?
125
Calculate 52 + -66 + 8 + 0 + 41 + -36.
-1
Calculate (24 + -34 - -25) + (-7 - -4 - -7).
19
(110 - 76) + 103 - 58
79
What is the value of 2 + (3 - 12) + (8 + -17 - (4 - -28))?
-48
-13 + 15 - ((-56 - -1) + 12 + -14)
59
Calculate (-7 - -21) + (34 - 21 - (-5 - -3)) + -16.
13
What is the value of 4 + (-1 - 2) + -68 - (-631 + 615)?
-51
Evaluate 7 + 10 + -13 - (-2 + (12 + 35 - -10)).
-51
What is the value of 4 + -10 + -8 + -2 + 44 + -11 + 22?
39
What is -13 - (30 + 1 + -66)?
22
What is -68 + 15 + -13 - (4 + -7 - -1)?
-64
Evaluate -26 + (2 - (-125 - -65)).
36
3694 + -3780 + 63 + 1
-22
Calculate (11 - -3) + 586 + -581.
19
(